(-3)/60). Suppose c*n - 11*n = 405. What is the units digit of n?
1
Let b(a) = -a**2 - 16*a - 55. Let w be b(-5). Suppose -15*n + 22*n - 2338 = w. What is the tens digit of n?
3
Let f(b) be the first derivative of 138*b**2 - 4*b - 65. What is the tens digit of f(1)?
7
Let a = -27 - -21. Let m be (72/(-27))/(4/a). Suppose 22 = -m*k + 4*o + 78, 2*o + 10 = k. What is the units digit of k?
8
Let f(o) = -2*o**3 + o**2 - 5*o - 70. Let c be -3*4/(-12)*21/(-3). What is the tens digit of f(c)?
0
Let a(c) = c**3 - 14*c**2 - 9*c + 31. Suppose -5*x + 3*z - 15 = 0, 2*z = -4*x - 0*z + 10. Let n be (6 + -21 + x)/(1 + -2). What is the units digit of a(n)?
1
Let k(z) = 56*z + 24411. What is the hundreds digit of k(0)?
4
Let j be ((-3)/15)/(5 - 26/5). Let c(u) = 143*u**3 + u**2 + 3*u - 3. What is the tens digit of c(j)?
4
Let y(u) = u + 1. Let v be y(-6). Let a(i) = 1215*i - 8 + i**2 - 1223*i - 4. What is the units digit of a(v)?
3
Let o(w) = -w**3 - 59*w**2 - 399*w + 234. What is the tens digit of o(-55)?
7
Let s(i) = 6*i**2 - 4*i + 757. What is the hundreds digit of s(30)?
0
Let d(t) = 27*t + 181. Let o(b) = -2*b**2 + 27*b - 29. Let y be o(12). What is the units digit of d(y)?
0
What is the thousands digit of 130/18 - 7 - (-372127)/63?
5
What is the thousands digit of 3/2*(-186084)/(-162)?
1
Let f(j) = -2198*j - 587. What is the ten thousands digit of f(-17)?
3
Suppose 0 = p + 7, 213*l + 136134 = 217*l + 2*p. What is the thousands digit of l?
4
Let a(c) = c - 6. Let p be a(0). Let k be 1/((-8)/42*(-2)/(-8)). What is the units digit of (602/k)/(p/27)?
9
Let i = 344 + -229. Let j(q) = 3*q + 6*q - i - 2*q + 148. What is the hundreds digit of j(22)?
1
Let s = 11578 + -5869. What is the units digit of s?
9
Let z be 2*1/9 + (-88)/(-9). What is the tens digit of z/25 - 4302/(-45)?
9
Let c(b) = -2*b**2 + 68*b - 241. Let n be c(4). Let t(q) = 0 + 5 - 3 + 128*q**2 + 2*q. What is the hundreds digit of t(n)?
1
Suppose -5*n - 5*h = -40, 5*h - 27 = n - 5. Suppose 3*r = n*m + 303, -15*m - 103 = -r - 13*m. What is the tens digit of r?
9
Let b = 104302 + -20810. What is the thousands digit of b?
3
Let r be (-16)/40*51*-540. Suppose -12*o + r = -0*o. What is the tens digit of o?
1
Let f be (-17 - -2)*7/(-21). Suppose -5*c = -y + 120 + 244, f*c - 1581 = -4*y. What is the hundreds digit of y?
3
Let q = 410 + -430. Let x(b) = -2*b**3 - 38*b**2 + 24*b + 22. What is the tens digit of x(q)?
4
Suppose -3*v = -5*m + 195, 3*m - 117 = -0*v + v. Suppose 48*f - 4203 = m*f. What is the units digit of f?
7
Let n be 70/30*(-66)/(-2). Suppose -t = -4*v - 16 - n, -3*v = -2*t + 176. What is the tens digit of t?
8
Suppose -5*j + 3*p = -102, 4*j - 52 = -13*p + 8*p. Suppose 0 = j*x - 3493 - 557. What is the units digit of x?
5
Let f be (1*-4)/((504/(-135))/14). Suppose -9*t + f*t - 8211 = 5*h, -2*t - 2*h = -2748. What is the thousands digit of t?
1
Suppose w + 39 = 45. Suppose 225 = w*t - 15*t. What is the hundreds digit of 827/5 + 10/t?
1
Suppose 0 = 4*m + 5*w + 21, -5*m - 15 - 21 = 3*w. What is the hundreds digit of (-56)/(-252) - (-1)/(m/(-11266))?
2
Suppose -c + 8 = 3. Let o(m) = 2*m**3 - 8 + 3*m - 64*m**2 - 28*m**2 + 88*m**2. What is the units digit of o(c)?
7
Let h(y) = -90*y**3 + y**2 + 3*y. Let b be h(-3). Let x = b + -933. What is the hundreds digit of x?
4
Let u(x) = x**3 - 33*x**2 + 97*x - 229. What is the hundreds digit of u(32)?
8
Let a = -20 - -22. Suppose 4*h = 6*h - 6, -2*u - a*h + 14 = 0. Suppose -u - 516 = -5*k + 5*d, -4*k + 418 = -5*d. What is the tens digit of k?
0
Let j = 8340 - 3960. What is the units digit of j?
0
Suppose 0 = 7*q - 4*q - 51. Let l be (209/(-2))/(q/(-34)). Suppose 0 = 13*g - l - 298. What is the units digit of g?
9
Suppose -27699 = -4*y - 3*c, -5*c = -5*y - 7073 + 41688. What is the tens digit of y?
2
Suppose 4*i - 6*i + 324 = 0. Suppose 168 = 5*x - i. Suppose -3*f + 96 + x = -z, 3*z - 150 = -3*f. What is the units digit of f?
3
Let k(c) = -15*c + 35. Suppose -728*x + 710*x = 576. What is the units digit of k(x)?
5
Suppose d - 2049 - 12227 = 2*k, 3*d - 2*k = 42824. What is the units digit of d?
4
Suppose 3*p = 3*n - 15816, 3*n + 2*p - 16443 + 622 = 0. What is the tens digit of n?
7
Suppose -11*r + 15*r = -2*q + 17424, 3*q - 8*r - 26108 = 0. What is the units digit of q?
8
Suppose 0 = -846*n + 861*n - 764445. What is the hundreds digit of n?
9
Let q be 3 + 88 + (-4)/3*3. Let k be 0 + 19 - (-6)/3. Suppose -k = 3*l - q. What is the tens digit of l?
2
Suppose 3*k - 36 + 18 = 0. What is the units digit of k/14 - 4636/(-28)?
6
Let p(o) = -44*o**3 + 55*o**2 + 50*o + 55. What is the units digit of p(-10)?
5
Let n = 16307 - 8212. What is the units digit of n?
5
Let i = 38 + -23. Suppose 13*v = 16*v - i. Suppose v*d - 25 = 0, 5*y - 475 = 4*d - d. What is the tens digit of y?
9
Suppose 48 = 32*j - 20*j. What is the tens digit of (-70)/(-21) - j - (-1223)/3?
0
What is the tens digit of -29 - -7 - -14 - -20344?
3
Suppose -10*q + 37148 = -26788 - 21584. What is the hundreds digit of q?
5
Let l(x) = -154*x**3 - 2*x**2 - 2*x - 1. Let r = -109 - -108. What is the units digit of l(r)?
3
Let l be (-5 + 5)/6 - 27. Let c = l - -277. What is the tens digit of c?
5
Suppose 25*v + 4380 = -5*v. Let j = v - -2249. What is the units digit of j?
3
Let n(s) = -s + 54. Let h be n(12). What is the tens digit of (-12)/h + (-5960)/(-35)?
7
Let t = 245 - 298. Let i be (102/(-4))/((-24)/(-64)). Let f = t - i. What is the units digit of f?
5
Let n = -190 - -168. Suppose 3*p - 12 = p. What is the units digit of 1/(p/(-12) - 13/n)?
1
Let z(t) = t**3 + 16*t**2 - 2*t - 27. Let m be z(-16). Suppose -710 = -5*k + 3*n, -2*k + 0*n + m*n = -284. What is the units digit of k?
2
Let x = -759 + 1185. What is the units digit of x?
6
Let y = 70196 + -39777. What is the units digit of y?
9
Let c be (87 - 6)/(-9) - (1 - 0). What is the tens digit of (c - -2812)*(-3)/(-18)?
6
Let c be 2/((-24)/(-340)) - 2/6. Suppose 38 - c = 5*i. Suppose i*b = -b + 81. What is the tens digit of b?
2
Suppose -2*r + 6 = 2. Suppose -4*w = r*c - 1082, 4*c + 4*w - 2729 = -c. What is the tens digit of c?
4
Let l(x) = -398*x - 1313. What is the hundreds digit of l(-16)?
0
Suppose -o + 2 = 0, 4*t - 160763 = -5*o + 99435. What is the thousands digit of t?
5
Suppose -53928*z = -53903*z - 1560200. What is the ten thousands digit of z?
6
What is the tens digit of 30/2*(3 - (-87912)/90)?
9
Suppose -b - 4*y - 20 = -0*b, 5*b - 5*y - 25 = 0. Let p(q) = q**3 - 2*q**2 + 6*q + 47. What is the units digit of p(b)?
7
Suppose 0 = -2*a - 5*c + 9 + 119, -224 = -4*a - 2*c. Let x be ((-2)/(-3))/(a/(-10287)). Let k = x - -267. What is the units digit of k?
0
Suppose -5*r - 4424 = -2*d + 19704, -4*r + 8 = 0. What is the thousands digit of d?
2
Suppose -2*w - 2 = -5*b, 7*b + 14 = -w + 3*b. What is the tens digit of (4 + w)*4*265/(-10)?
1
Let m = 814 + -2185. Let u = 1925 + m. What is the hundreds digit of u?
5
Let l be 20/(-45) + (-110)/(-45). Let p be (165/(-12))/(1/(-4)). Suppose -2*o = -w + p, w + l*o - 40 = 19. What is the units digit of w?
7
Suppose 3 = -3*b + 2*g, 3*g + 3 = 5*b + 7. Let z(r) = 440*r**3 - 2*r**2 + 2. What is the units digit of z(b)?
0
Suppose -2*p + 2*a + 6 = 0, 4*p + 2*a = -79 + 109. Let k(v) = -19*v + 50*v - 22 + 2. What is the tens digit of k(p)?
6
Let o(d) = -d**3 - 14*d**2 - 48*d. Let k be o(-8). Suppose k = -0*w + 11*w - 2057. What is the units digit of w?
7
Let v = 358 + -348. What is the hundreds digit of -173*(-46)/v - (-1)/5?
7
Let i(v) be the second derivative of v**4/12 + 47*v**2/2 + v. Suppose 29*t - 126*t = 0. What is the tens digit of i(t)?
4
Let h be 48/(-27) - -2 - 16/72. Suppose h*u + 880 = -11*u. Let q = u - -129. What is the units digit of q?
9
Let p(z) = -54*z - 4. Let m be p(-6). Let f = 553 - m. Let n = f - 132. What is the units digit of n?
1
Let x be ((-10)/2 + 4)/(1/(-5)). Let o(t) = -4*t**3 + 13*t**2 - 7*t + 9. Let y be o(x). What is the units digit of (-4)/(-4 + (-798)/y)?
4
Let d(p) = -38*p + 150*p - 42*p - 11 - 43*p - 35*p. Let r be (-10)/1 - (3 - 2). What is the tens digit of d(r)?
7
Let c(k) = k - 11. Let s be c(9). Let x be 2/(-10)*1*(-21 + -4). What is the units digit of (-2222)/55*x/s?
1
Let w(l) = l**3 - 14*l**2 + 12*l + 8. Let t be w(13). Let v(x) = 2*x + 9. Let q be v(t). What is the units di